{"id":542,"date":"2022-03-02T13:49:21","date_gmt":"2022-03-02T13:49:21","guid":{"rendered":"http:\/\/delcarmen.ccdea.com\/?page_id=542"},"modified":"2022-09-23T16:18:13","modified_gmt":"2022-09-23T16:18:13","slug":"union-padres-de-familia","status":"publish","type":"page","link":"https:\/\/colegiodelcarmenmdp.edu.ar\/index.php\/union-padres-de-familia\/","title":{"rendered":"Uni\u00f3n de Padres de Familia"},"content":{"rendered":"\t\t<div data-elementor-type=\"wp-page\" data-elementor-id=\"542\" class=\"elementor elementor-542\">\n\t\t\t\t\t\t<section class=\"elementor-section elementor-top-section elementor-element elementor-element-f024dbf elementor-section-boxed elementor-section-height-default elementor-section-height-default\" data-id=\"f024dbf\" data-element_type=\"section\" data-e-type=\"section\">\n\t\t\t\t\t\t<div class=\"elementor-container elementor-column-gap-default\">\n\t\t\t\t\t<div class=\"elementor-column elementor-col-100 elementor-top-column elementor-element elementor-element-36bf93a\" data-id=\"36bf93a\" data-element_type=\"column\" data-e-type=\"column\">\n\t\t\t<div class=\"elementor-widget-wrap elementor-element-populated\">\n\t\t\t\t\t\t<div class=\"elementor-element elementor-element-c733360 elementor-grid-eael-col-2 elementor-grid-tablet-eael-col-2 elementor-grid-mobile-eael-col-1 elementor-widget elementor-widget-eael-post-grid\" data-id=\"c733360\" data-element_type=\"widget\" data-e-type=\"widget\" data-settings=\"{&quot;eael_post_grid_columns&quot;:&quot;eael-col-2&quot;,&quot;eael_post_grid_columns_tablet&quot;:&quot;eael-col-2&quot;,&quot;eael_post_grid_columns_mobile&quot;:&quot;eael-col-1&quot;}\" data-widget_type=\"eael-post-grid.default\">\n\t\t\t\t\t<div id=\"eael-post-grid-c733360\" class=\"eael-post-grid-container\">\n            <div class=\"eael-post-grid eael-post-appender eael-post-appender-c733360 eael-post-grid-style-one\" data-layout-mode=\"masonry\"><article class=\"eael-grid-post  eael-post-grid-column eael-pg-post-5713 category-sin-categoria\" data-id=\"5713\">\n        <div class=\"eael-grid-post-holder\">\n            <div class=\"eael-grid-post-holder-inner\"><div class=\"eael-entry-wrapper\"><header class=\"eael-entry-header\"><h2 class=\"eael-entry-title\"><a class=\"eael-grid-post-link\" href=\"https:\/\/colegiodelcarmenmdp.edu.ar\/index.php\/2026\/02\/27\/actos-de-inicio-del-ciclo-lectivo\/\" title=\"Actos de Inicio del Ciclo Lectivo\">Actos de Inicio del Ciclo Lectivo<\/a><\/h2><\/header><div class=\"eael-entry-content\">\n                        <div class=\"eael-grid-post-excerpt\"><p><\/p><a href=\"https:\/\/colegiodelcarmenmdp.edu.ar\/index.php\/2026\/02\/27\/actos-de-inicio-del-ciclo-lectivo\/\" class=\"eael-post-elements-readmore-btn\">Leer m\u00e1s<\/a><\/div>\n                    <\/div><div class=\"eael-entry-footer\"><div class=\"eael-author-avatar\"><a href=\"https:\/\/colegiodelcarmenmdp.edu.ar\/index.php\/author\/cnsc\/\"><img alt='Coordinaci\u00f3n' src='https:\/\/secure.gravatar.com\/avatar\/4f55d78168d0d948578b431cf58e94fd?s=96&#038;d=wp_user_avatar&#038;r=g' srcset='https:\/\/secure.gravatar.com\/avatar\/4f55d78168d0d948578b431cf58e94fd?s=192&#038;d=wp_user_avatar&#038;r=g 2x' class='avatar avatar-96 photo' height='96' width='96' \/><\/a><\/div><div class=\"eael-entry-meta\"><span class=\"eael-posted-by\"><a href=\"https:\/\/colegiodelcarmenmdp.edu.ar\/index.php\/author\/cnsc\/\" title=\"Entradas de Coordinaci\u00f3n\" rel=\"author\">Coordinaci\u00f3n<\/a><\/span><span class=\"eael-posted-on\"><time datetime=\"27 de febrero de 2026\">27 de febrero de 2026<\/time><\/span><\/div><\/div><\/div><\/div>\n        <\/div>\n    <\/article><article class=\"eael-grid-post  eael-post-grid-column eael-pg-post-5688 category-nivel-secundario tags-documentacion-nivel-secundario-planillas-reuniones\" data-id=\"5688\">\n        <div class=\"eael-grid-post-holder\">\n            <div class=\"eael-grid-post-holder-inner\"><div class=\"eael-entry-wrapper\"><header class=\"eael-entry-header\"><h2 class=\"eael-entry-title\"><a class=\"eael-grid-post-link\" href=\"https:\/\/colegiodelcarmenmdp.edu.ar\/index.php\/2026\/02\/21\/2026-reuniones-del-nivel-secundario\/\" title=\"2026 | Reuniones del Nivel Secundario\">2026 | Reuniones del Nivel Secundario<\/a><\/h2><\/header><div class=\"eael-entry-content\">\n                        <div class=\"eael-grid-post-excerpt\"><p>Estimadas familias:&nbsp; &nbsp; &nbsp; &nbsp; &nbsp; &nbsp; &nbsp; &nbsp; &nbsp;...<\/p><a href=\"https:\/\/colegiodelcarmenmdp.edu.ar\/index.php\/2026\/02\/21\/2026-reuniones-del-nivel-secundario\/\" class=\"eael-post-elements-readmore-btn\">Leer m\u00e1s<\/a><\/div>\n                    <\/div><div class=\"eael-entry-footer\"><div class=\"eael-author-avatar\"><a href=\"https:\/\/colegiodelcarmenmdp.edu.ar\/index.php\/author\/cnsc\/\"><img alt='Coordinaci\u00f3n' src='https:\/\/secure.gravatar.com\/avatar\/4f55d78168d0d948578b431cf58e94fd?s=96&#038;d=wp_user_avatar&#038;r=g' srcset='https:\/\/secure.gravatar.com\/avatar\/4f55d78168d0d948578b431cf58e94fd?s=192&#038;d=wp_user_avatar&#038;r=g 2x' class='avatar avatar-96 photo' height='96' width='96' \/><\/a><\/div><div class=\"eael-entry-meta\"><span class=\"eael-posted-by\"><a href=\"https:\/\/colegiodelcarmenmdp.edu.ar\/index.php\/author\/cnsc\/\" title=\"Entradas de Coordinaci\u00f3n\" rel=\"author\">Coordinaci\u00f3n<\/a><\/span><span class=\"eael-posted-on\"><time datetime=\"21 de febrero de 2026\">21 de febrero de 2026<\/time><\/span><\/div><\/div><\/div><\/div>\n        <\/div>\n    <\/article><article class=\"eael-grid-post  eael-post-grid-column eael-pg-post-5555 category-nivel-inicial-nivel-primario tags-documentacion-ep-nivel-inicial\" data-id=\"5555\">\n        <div class=\"eael-grid-post-holder\">\n            <div class=\"eael-grid-post-holder-inner\"><div class=\"eael-entry-media\"><div class=\"eael-entry-overlay fade-in\"><i class=\"fas fa-long-arrow-alt-right\" aria-hidden=\"true\"><\/i><a href=\"https:\/\/colegiodelcarmenmdp.edu.ar\/index.php\/2026\/02\/19\/documentacion-importante-para-nivel-inicial-y-primario\/\"><\/a><\/div><div class=\"eael-entry-thumbnail \">\n                <img fetchpriority=\"high\" decoding=\"async\" width=\"300\" height=\"200\" src=\"https:\/\/colegiodelcarmenmdp.edu.ar\/wp-content\/uploads\/2025\/02\/escritorio-oficina-moderno_155003-6419-300x200.webp\" class=\"attachment-medium size-medium wp-image-5569\" alt=\"\" srcset=\"https:\/\/colegiodelcarmenmdp.edu.ar\/wp-content\/uploads\/2025\/02\/escritorio-oficina-moderno_155003-6419-300x200.webp 300w, https:\/\/colegiodelcarmenmdp.edu.ar\/wp-content\/uploads\/2025\/02\/escritorio-oficina-moderno_155003-6419.webp 626w\" sizes=\"(max-width: 300px) 100vw, 300px\" \/>\n            <\/div>\n        <\/div><div class=\"eael-entry-wrapper\"><header class=\"eael-entry-header\"><h2 class=\"eael-entry-title\"><a class=\"eael-grid-post-link\" href=\"https:\/\/colegiodelcarmenmdp.edu.ar\/index.php\/2026\/02\/19\/documentacion-importante-para-nivel-inicial-y-primario\/\" title=\"2026 | Documentaci\u00f3n importante para Nivel Inicial y Primario\">2026 | Documentaci\u00f3n importante para Nivel Inicial y Primario<\/a><\/h2><\/header><div class=\"eael-entry-content\">\n                        <div class=\"eael-grid-post-excerpt\"><p>Estimadas familias:Adjuntamos una serie de documentos (compromiso institucional, autorizaciones varias...<\/p><a href=\"https:\/\/colegiodelcarmenmdp.edu.ar\/index.php\/2026\/02\/19\/documentacion-importante-para-nivel-inicial-y-primario\/\" class=\"eael-post-elements-readmore-btn\">Leer m\u00e1s<\/a><\/div>\n                    <\/div><div class=\"eael-entry-footer\"><div class=\"eael-author-avatar\"><a href=\"https:\/\/colegiodelcarmenmdp.edu.ar\/index.php\/author\/cnsc\/\"><img alt='Coordinaci\u00f3n' src='https:\/\/secure.gravatar.com\/avatar\/4f55d78168d0d948578b431cf58e94fd?s=96&#038;d=wp_user_avatar&#038;r=g' srcset='https:\/\/secure.gravatar.com\/avatar\/4f55d78168d0d948578b431cf58e94fd?s=192&#038;d=wp_user_avatar&#038;r=g 2x' class='avatar avatar-96 photo' height='96' width='96' \/><\/a><\/div><div class=\"eael-entry-meta\"><span class=\"eael-posted-by\"><a href=\"https:\/\/colegiodelcarmenmdp.edu.ar\/index.php\/author\/cnsc\/\" title=\"Entradas de Coordinaci\u00f3n\" rel=\"author\">Coordinaci\u00f3n<\/a><\/span><span class=\"eael-posted-on\"><time datetime=\"19 de febrero de 2026\">19 de febrero de 2026<\/time><\/span><\/div><\/div><\/div><\/div>\n        <\/div>\n    <\/article><article class=\"eael-grid-post  eael-post-grid-column eael-pg-post-5621 category-nivel-inicial-nivel-primario-nivel-secundario\" data-id=\"5621\">\n        <div class=\"eael-grid-post-holder\">\n            <div class=\"eael-grid-post-holder-inner\"><div class=\"eael-entry-wrapper\"><header class=\"eael-entry-header\"><h2 class=\"eael-entry-title\"><a class=\"eael-grid-post-link\" href=\"https:\/\/colegiodelcarmenmdp.edu.ar\/index.php\/2026\/01\/04\/2026-reuniones-temas-y-listas-de-materiales-inicial-y-ep\/\" title=\"2026 | Reuniones, temas y listas de materiales Inicial y EP\">2026 | Reuniones, temas y listas de materiales Inicial y EP<\/a><\/h2><\/header><div class=\"eael-entry-content\">\n                        <div class=\"eael-grid-post-excerpt\"><p>Para visualizar el documento con las fechas de reuniones, temas...<\/p><a href=\"https:\/\/colegiodelcarmenmdp.edu.ar\/index.php\/2026\/01\/04\/2026-reuniones-temas-y-listas-de-materiales-inicial-y-ep\/\" class=\"eael-post-elements-readmore-btn\">Leer m\u00e1s<\/a><\/div>\n                    <\/div><div class=\"eael-entry-footer\"><div class=\"eael-author-avatar\"><a href=\"https:\/\/colegiodelcarmenmdp.edu.ar\/index.php\/author\/cnsc\/\"><img alt='Coordinaci\u00f3n' src='https:\/\/secure.gravatar.com\/avatar\/4f55d78168d0d948578b431cf58e94fd?s=96&#038;d=wp_user_avatar&#038;r=g' srcset='https:\/\/secure.gravatar.com\/avatar\/4f55d78168d0d948578b431cf58e94fd?s=192&#038;d=wp_user_avatar&#038;r=g 2x' class='avatar avatar-96 photo' height='96' width='96' \/><\/a><\/div><div class=\"eael-entry-meta\"><span class=\"eael-posted-by\"><a href=\"https:\/\/colegiodelcarmenmdp.edu.ar\/index.php\/author\/cnsc\/\" title=\"Entradas de Coordinaci\u00f3n\" rel=\"author\">Coordinaci\u00f3n<\/a><\/span><span class=\"eael-posted-on\"><time datetime=\"4 de enero de 2026\">4 de enero de 2026<\/time><\/span><\/div><\/div><\/div><\/div>\n        <\/div>\n    <\/article><\/div>\n            <div class=\"clearfix\"><\/div>\n        <\/div>            <div class=\"eael-load-more-button-wrap eael-force-hide\">\n                <button class=\"eael-load-more-button\" id=\"eael-load-more-btn-c733360\" data-widget-id=\"c733360\" data-widget=\"c733360\" data-page-id=\"542\" data-template=\"{&quot;dir&quot;:&quot;lite&quot;,&quot;file_name&quot;:&quot;one.php&quot;,&quot;name&quot;:&quot;Post-Grid&quot;}\" data-class=\"Essential_Addons_Elementor\\Elements\\Post_Grid\" data-layout=\"masonry\" data-page=\"1\" data-args=\"orderby=date&amp;order=desc&amp;ignore_sticky_posts=1&amp;post_status=publish&amp;posts_per_page=4&amp;offset=0&amp;post_type=post\" data-max-page=\"20\">\n                    <span class=\"eael-btn-loader button__loader\"><\/span>\n                    <span class=\"eael_load_more_text\">Cargar m\u00e1s<\/span>\n                <\/button>\n            <\/div>\n            \t\t\t\t<\/div>\n\t\t\t\t\t<\/div>\n\t\t<\/div>\n\t\t\t\t\t<\/div>\n\t\t<\/section>\n\t\t\t\t<\/div>\n\t\t","protected":false},"excerpt":{"rendered":"<p>Reuni\u00f3n de los integrantes de la UPF El d\u00eda 9 de marzo se reunieron los integrantes de&#8230; Leer m\u00e1s Colegio Nuestra Se\u00f1ora del Carmen8 de abril de 2022<\/p>\n","protected":false},"author":1,"featured_media":0,"parent":0,"menu_order":0,"comment_status":"closed","ping_status":"closed","template":"page-templates\/template-pagebuilder-full-width.php","meta":{"_eb_attr":"","neve_meta_sidebar":"","neve_meta_container":"","neve_meta_enable_content_width":"","neve_meta_content_width":0,"neve_meta_title_alignment":"","neve_meta_author_avatar":"","neve_post_elements_order":"","neve_meta_disable_header":"","neve_meta_disable_footer":"","neve_meta_disable_title":"","footnotes":""},"class_list":["post-542","page","type-page","status-publish","hentry"],"yoast_head":"<!-- This site is optimized with the Yoast SEO plugin v26.8 - https:\/\/yoast.com\/product\/yoast-seo-wordpress\/ -->\n<title>Uni\u00f3n de Padres de Familia -<\/title>\n<meta name=\"robots\" content=\"index, follow, max-snippet:-1, max-image-preview:large, max-video-preview:-1\" \/>\n<link rel=\"canonical\" href=\"https:\/\/colegiodelcarmenmdp.edu.ar\/index.php\/union-padres-de-familia\/\" \/>\n<meta property=\"og:locale\" content=\"es_ES\" \/>\n<meta property=\"og:type\" content=\"article\" \/>\n<meta property=\"og:title\" content=\"Uni\u00f3n de Padres de Familia -\" \/>\n<meta property=\"og:description\" content=\"Reuni\u00f3n de los integrantes de la UPF El d\u00eda 9 de marzo se reunieron los integrantes de&#8230; Leer m\u00e1s Colegio Nuestra Se\u00f1ora del Carmen8 de abril de 2022\" \/>\n<meta property=\"og:url\" content=\"https:\/\/colegiodelcarmenmdp.edu.ar\/index.php\/union-padres-de-familia\/\" \/>\n<meta property=\"article:modified_time\" content=\"2022-09-23T16:18:13+00:00\" \/>\n<meta property=\"og:image\" content=\"http:\/\/colegiodelcarmenmdp.edu.ar\/wp-content\/uploads\/2022\/04\/UNION-DE-PADRES-300x211.jpeg\" \/>\n<meta name=\"twitter:card\" content=\"summary_large_image\" \/>\n<script type=\"application\/ld+json\" class=\"yoast-schema-graph\">{\"@context\":\"https:\/\/schema.org\",\"@graph\":[{\"@type\":\"WebPage\",\"@id\":\"https:\/\/colegiodelcarmenmdp.edu.ar\/index.php\/union-padres-de-familia\/\",\"url\":\"https:\/\/colegiodelcarmenmdp.edu.ar\/index.php\/union-padres-de-familia\/\",\"name\":\"Uni\u00f3n de Padres de Familia -\",\"isPartOf\":{\"@id\":\"https:\/\/colegiodelcarmenmdp.edu.ar\/#website\"},\"primaryImageOfPage\":{\"@id\":\"https:\/\/colegiodelcarmenmdp.edu.ar\/index.php\/union-padres-de-familia\/#primaryimage\"},\"image\":{\"@id\":\"https:\/\/colegiodelcarmenmdp.edu.ar\/index.php\/union-padres-de-familia\/#primaryimage\"},\"thumbnailUrl\":\"http:\/\/colegiodelcarmenmdp.edu.ar\/wp-content\/uploads\/2022\/04\/UNION-DE-PADRES-300x211.jpeg\",\"datePublished\":\"2022-03-02T13:49:21+00:00\",\"dateModified\":\"2022-09-23T16:18:13+00:00\",\"breadcrumb\":{\"@id\":\"https:\/\/colegiodelcarmenmdp.edu.ar\/index.php\/union-padres-de-familia\/#breadcrumb\"},\"inLanguage\":\"es\",\"potentialAction\":[{\"@type\":\"ReadAction\",\"target\":[\"https:\/\/colegiodelcarmenmdp.edu.ar\/index.php\/union-padres-de-familia\/\"]}]},{\"@type\":\"ImageObject\",\"inLanguage\":\"es\",\"@id\":\"https:\/\/colegiodelcarmenmdp.edu.ar\/index.php\/union-padres-de-familia\/#primaryimage\",\"url\":\"http:\/\/colegiodelcarmenmdp.edu.ar\/wp-content\/uploads\/2022\/04\/UNION-DE-PADRES-300x211.jpeg\",\"contentUrl\":\"http:\/\/colegiodelcarmenmdp.edu.ar\/wp-content\/uploads\/2022\/04\/UNION-DE-PADRES-300x211.jpeg\"},{\"@type\":\"BreadcrumbList\",\"@id\":\"https:\/\/colegiodelcarmenmdp.edu.ar\/index.php\/union-padres-de-familia\/#breadcrumb\",\"itemListElement\":[{\"@type\":\"ListItem\",\"position\":1,\"name\":\"Portada\",\"item\":\"https:\/\/colegiodelcarmenmdp.edu.ar\/\"},{\"@type\":\"ListItem\",\"position\":2,\"name\":\"Uni\u00f3n de Padres de Familia\"}]},{\"@type\":\"WebSite\",\"@id\":\"https:\/\/colegiodelcarmenmdp.edu.ar\/#website\",\"url\":\"https:\/\/colegiodelcarmenmdp.edu.ar\/\",\"name\":\"colegiodelcarmenmdp.edu.ar\",\"description\":\"\u201cDesde 1958 educando para la paz, la verdad y la justicia\u201d\",\"publisher\":{\"@id\":\"https:\/\/colegiodelcarmenmdp.edu.ar\/#organization\"},\"potentialAction\":[{\"@type\":\"SearchAction\",\"target\":{\"@type\":\"EntryPoint\",\"urlTemplate\":\"https:\/\/colegiodelcarmenmdp.edu.ar\/?s={search_term_string}\"},\"query-input\":{\"@type\":\"PropertyValueSpecification\",\"valueRequired\":true,\"valueName\":\"search_term_string\"}}],\"inLanguage\":\"es\"},{\"@type\":\"Organization\",\"@id\":\"https:\/\/colegiodelcarmenmdp.edu.ar\/#organization\",\"name\":\"Colegio Del Carmen\",\"url\":\"https:\/\/colegiodelcarmenmdp.edu.ar\/\",\"logo\":{\"@type\":\"ImageObject\",\"inLanguage\":\"es\",\"@id\":\"https:\/\/colegiodelcarmenmdp.edu.ar\/#\/schema\/logo\/image\/\",\"url\":\"https:\/\/colegiodelcarmenmdp.edu.ar\/wp-content\/uploads\/2021\/12\/EL-CARMEN.png\",\"contentUrl\":\"https:\/\/colegiodelcarmenmdp.edu.ar\/wp-content\/uploads\/2021\/12\/EL-CARMEN.png\",\"width\":205,\"height\":238,\"caption\":\"Colegio Del Carmen\"},\"image\":{\"@id\":\"https:\/\/colegiodelcarmenmdp.edu.ar\/#\/schema\/logo\/image\/\"}}]}<\/script>\n<!-- \/ Yoast SEO plugin. -->","yoast_head_json":{"title":"Uni\u00f3n de Padres de Familia -","robots":{"index":"index","follow":"follow","max-snippet":"max-snippet:-1","max-image-preview":"max-image-preview:large","max-video-preview":"max-video-preview:-1"},"canonical":"https:\/\/colegiodelcarmenmdp.edu.ar\/index.php\/union-padres-de-familia\/","og_locale":"es_ES","og_type":"article","og_title":"Uni\u00f3n de Padres de Familia -","og_description":"Reuni\u00f3n de los integrantes de la UPF El d\u00eda 9 de marzo se reunieron los integrantes de&#8230; Leer m\u00e1s Colegio Nuestra Se\u00f1ora del Carmen8 de abril de 2022","og_url":"https:\/\/colegiodelcarmenmdp.edu.ar\/index.php\/union-padres-de-familia\/","article_modified_time":"2022-09-23T16:18:13+00:00","og_image":[{"url":"http:\/\/colegiodelcarmenmdp.edu.ar\/wp-content\/uploads\/2022\/04\/UNION-DE-PADRES-300x211.jpeg","type":"","width":"","height":""}],"twitter_card":"summary_large_image","schema":{"@context":"https:\/\/schema.org","@graph":[{"@type":"WebPage","@id":"https:\/\/colegiodelcarmenmdp.edu.ar\/index.php\/union-padres-de-familia\/","url":"https:\/\/colegiodelcarmenmdp.edu.ar\/index.php\/union-padres-de-familia\/","name":"Uni\u00f3n de Padres de Familia -","isPartOf":{"@id":"https:\/\/colegiodelcarmenmdp.edu.ar\/#website"},"primaryImageOfPage":{"@id":"https:\/\/colegiodelcarmenmdp.edu.ar\/index.php\/union-padres-de-familia\/#primaryimage"},"image":{"@id":"https:\/\/colegiodelcarmenmdp.edu.ar\/index.php\/union-padres-de-familia\/#primaryimage"},"thumbnailUrl":"http:\/\/colegiodelcarmenmdp.edu.ar\/wp-content\/uploads\/2022\/04\/UNION-DE-PADRES-300x211.jpeg","datePublished":"2022-03-02T13:49:21+00:00","dateModified":"2022-09-23T16:18:13+00:00","breadcrumb":{"@id":"https:\/\/colegiodelcarmenmdp.edu.ar\/index.php\/union-padres-de-familia\/#breadcrumb"},"inLanguage":"es","potentialAction":[{"@type":"ReadAction","target":["https:\/\/colegiodelcarmenmdp.edu.ar\/index.php\/union-padres-de-familia\/"]}]},{"@type":"ImageObject","inLanguage":"es","@id":"https:\/\/colegiodelcarmenmdp.edu.ar\/index.php\/union-padres-de-familia\/#primaryimage","url":"http:\/\/colegiodelcarmenmdp.edu.ar\/wp-content\/uploads\/2022\/04\/UNION-DE-PADRES-300x211.jpeg","contentUrl":"http:\/\/colegiodelcarmenmdp.edu.ar\/wp-content\/uploads\/2022\/04\/UNION-DE-PADRES-300x211.jpeg"},{"@type":"BreadcrumbList","@id":"https:\/\/colegiodelcarmenmdp.edu.ar\/index.php\/union-padres-de-familia\/#breadcrumb","itemListElement":[{"@type":"ListItem","position":1,"name":"Portada","item":"https:\/\/colegiodelcarmenmdp.edu.ar\/"},{"@type":"ListItem","position":2,"name":"Uni\u00f3n de Padres de Familia"}]},{"@type":"WebSite","@id":"https:\/\/colegiodelcarmenmdp.edu.ar\/#website","url":"https:\/\/colegiodelcarmenmdp.edu.ar\/","name":"colegiodelcarmenmdp.edu.ar","description":"\u201cDesde 1958 educando para la paz, la verdad y la justicia\u201d","publisher":{"@id":"https:\/\/colegiodelcarmenmdp.edu.ar\/#organization"},"potentialAction":[{"@type":"SearchAction","target":{"@type":"EntryPoint","urlTemplate":"https:\/\/colegiodelcarmenmdp.edu.ar\/?s={search_term_string}"},"query-input":{"@type":"PropertyValueSpecification","valueRequired":true,"valueName":"search_term_string"}}],"inLanguage":"es"},{"@type":"Organization","@id":"https:\/\/colegiodelcarmenmdp.edu.ar\/#organization","name":"Colegio Del Carmen","url":"https:\/\/colegiodelcarmenmdp.edu.ar\/","logo":{"@type":"ImageObject","inLanguage":"es","@id":"https:\/\/colegiodelcarmenmdp.edu.ar\/#\/schema\/logo\/image\/","url":"https:\/\/colegiodelcarmenmdp.edu.ar\/wp-content\/uploads\/2021\/12\/EL-CARMEN.png","contentUrl":"https:\/\/colegiodelcarmenmdp.edu.ar\/wp-content\/uploads\/2021\/12\/EL-CARMEN.png","width":205,"height":238,"caption":"Colegio Del Carmen"},"image":{"@id":"https:\/\/colegiodelcarmenmdp.edu.ar\/#\/schema\/logo\/image\/"}}]}},"_links":{"self":[{"href":"https:\/\/colegiodelcarmenmdp.edu.ar\/index.php\/wp-json\/wp\/v2\/pages\/542","targetHints":{"allow":["GET"]}}],"collection":[{"href":"https:\/\/colegiodelcarmenmdp.edu.ar\/index.php\/wp-json\/wp\/v2\/pages"}],"about":[{"href":"https:\/\/colegiodelcarmenmdp.edu.ar\/index.php\/wp-json\/wp\/v2\/types\/page"}],"author":[{"embeddable":true,"href":"https:\/\/colegiodelcarmenmdp.edu.ar\/index.php\/wp-json\/wp\/v2\/users\/1"}],"replies":[{"embeddable":true,"href":"https:\/\/colegiodelcarmenmdp.edu.ar\/index.php\/wp-json\/wp\/v2\/comments?post=542"}],"version-history":[{"count":36,"href":"https:\/\/colegiodelcarmenmdp.edu.ar\/index.php\/wp-json\/wp\/v2\/pages\/542\/revisions"}],"predecessor-version":[{"id":1099,"href":"https:\/\/colegiodelcarmenmdp.edu.ar\/index.php\/wp-json\/wp\/v2\/pages\/542\/revisions\/1099"}],"wp:attachment":[{"href":"https:\/\/colegiodelcarmenmdp.edu.ar\/index.php\/wp-json\/wp\/v2\/media?parent=542"}],"curies":[{"name":"wp","href":"https:\/\/api.w.org\/{rel}","templated":true}]}}